, 94538051
List the prime factors of 30083320.
2, 5, 752083
List the prime factors of 148040167.
11, 23, 157, 3727
List the prime factors of 89595282.
2, 3, 7, 101, 21121
List the prime factors of 5350738059.
3, 1459, 407489
What are the prime factors of 359074703?
13, 1873, 14747
What are the prime factors of 73928926?
2, 36964463
What are the prime factors of 49097940?
2, 3, 5, 811, 1009
What are the prime factors of 6878005381?
13, 3851, 137387
List the prime factors of 1355818456.
2, 169477307
List the prime factors of 118352125.
5, 43, 97, 227
What are the prime factors of 396282832?
2, 11, 787, 2861
List the prime factors of 5055026148.
2, 3, 421, 333533
List the prime factors of 2124748936.
2, 265593617
List the prime factors of 4620952.
2, 7, 19, 43, 101
List the prime factors of 3553639.
487, 7297
List the prime factors of 1396059295.
5, 17, 19, 50849
What are the prime factors of 26833879?
31, 865609
List the prime factors of 3781650408.
2, 3, 17, 19, 487829
List the prime factors of 733005268.
2, 103, 1103, 1613
What are the prime factors of 335052333?
3, 7, 11, 483481
List the prime factors of 3799438926.
2, 3, 31, 239, 85469
List the prime factors of 6245663835.
3, 5, 416377589
What are the prime factors of 482003979?
3, 160667993
List the prime factors of 160736917.
11, 37, 394931
What are the prime factors of 144363023?
7, 20623289
What are the prime factors of 281373492?
2, 3, 23447791
What are the prime factors of 1070948439?
3, 11, 17, 47, 4513
List the prime factors of 390944108.
2, 97736027
List the prime factors of 89462917.
223, 401179
What are the prime factors of 127736265?
3, 5, 379, 22469
List the prime factors of 25335123.
3, 11, 179, 4289
What are the prime factors of 37620780?
2, 3, 5, 41, 373
List the prime factors of 620149607.
7, 11, 19, 61, 6949
List the prime factors of 33092193.
3, 23, 53, 9049
List the prime factors of 494697807.
3, 17, 37, 29129
What are the prime factors of 448395351?
3, 701, 213217
What are the prime factors of 2265729209?
31, 71, 1029409
List the prime factors of 33520395.
3, 5, 2234693
What are the prime factors of 1177310781?
3, 14534701
What are the prime factors of 76668099?
3, 149, 171517
What are the prime factors of 2021141513?
43, 439, 107069
List the prime factors of 28193677.
1249, 22573
List the prime factors of 56746189.
293, 661
List the prime factors of 211772202.
2, 3, 35295367
List the prime factors of 1033548733.
7, 127, 1162597
List the prime factors of 8501677.
53, 160409
List the prime factors of 63585574.
2, 13, 29, 499
What are the prime factors of 66116385?
3, 5, 389, 1259
What are the prime factors of 46815594?
2, 3, 7, 1114657
List the prime factors of 38398894.
2, 31, 193, 3209
What are the prime factors of 1217525445?
3, 5, 229, 39383
List the prime factors of 2435256587.
2435256587
List the prime factors of 2600328065.
5, 29, 797, 22501
What are the prime factors of 52965636?
2, 3, 349, 12647
What are the prime factors of 146711873?
7, 11, 107, 17807
What are the prime factors of 97896178?
2, 2473, 19793
What are the prime factors of 210368780?
2, 5, 10518439
List the prime factors of 44268041.
44268041
What are the prime factors of 9395377?
9395377
What are the prime factors of 2458576232?
2, 7, 6599, 6653
List the prime factors of 60656013.
3, 11, 131, 1559
What are the prime factors of 6443357?
17, 269, 1409
List the prime factors of 80113837.
80113837
What are the prime factors of 4470636044?
2, 7, 8443, 18911
List the prime factors of 44687849.
17, 2628697
List the prime factors of 20187539.
41, 127, 3877
List the prime factors of 74844162.
2, 3, 23, 53, 379
List the prime factors of 521253139.
11, 79, 599831
What are the prime factors of 1692359462?
2, 846179731
List the prime factors of 40782228.
2, 3, 53, 64123
List the prime factors of 87776899.
7, 17, 83, 8887
List the prime factors of 1342270253.
1342270253
List the prime factors of 1686843429.
3, 197, 1019, 2801
What are the prime factors of 47877739?
7, 13, 19, 27691
List the prime factors of 3201993490.
2, 5, 2221, 144169
What are the prime factors of 18873638?
2, 7, 17, 79301
List the prime factors of 577958525.
5, 139, 166319
List the prime factors of 101975770.
2, 5, 13, 719, 1091
List the prime factors of 271863030.
2, 3, 5, 9062101
List the prime factors of 1950215801.
4673, 417337
List the prime factors of 1365341962.
2, 23, 2657, 11171
What are the prime factors of 379324443?
3, 126441481
List the prime factors of 402809577.
3, 17, 631, 12517
List the prime factors of 3111137103.
3, 1667, 622103
List the prime factors of 261173597.
4493, 58129
What are the prime factors of 143602619?
143602619
What are the prime factors of 224589113?
7, 263, 121993
What are the prime factors of 185433280?
2, 5, 17, 89, 383
What are the prime factors of 22441605?
3, 5, 223, 6709
What are the prime factors of 385802840?
2, 5, 139, 69389
What are the prime factors of 109862568?
2, 3, 17, 9973
What are the prime factors of 228367591?
61, 79, 47389
List the prime factors of 249964209.
3, 11, 17, 19, 7817
What are the prime factors of 104186331?
3, 83, 15497
What are the prime factors of 717328629?
3, 1033, 8573
List the prime factors of 97399080.
2, 3, 5, 270553
What are the prime factors of 105934475?
5, 47, 89, 1013
What are the prime factors of 479937006?
2, 3, 4241, 6287
What are the prime factors of 1273687413?
3, 17, 1733, 14411
List the prime factors of 27503140.
2, 5, 7, 151, 1301
What are the prime factors of 1291461172?
2, 37, 647, 13487
What are the prime factors of 1648375113?
3, 7, 11, 73, 239, 409
What are the prime factors of 36659574?
2, 3, 7, 293, 331
What are the prime factors of 41948653?
41948653
List the prime factors of 28698789.
3, 7, 1366609
What are the prime factors of 26909207?
13, 739, 2801
What are the prime factors of 2599385885?
5, 307, 1693411
What are the prime factors of 497027856?
2, 3, 13, 419, 1901
List the prime factors of 1598484731.
277, 5770703
List the prime factors of 234012901.
37, 439, 14407
What are the prime factors of 45655516?
2, 11413879
List the prime factors of 101520759.
3, 33840253
List the prime factors of 1731330763.
139, 12455617
List the prime factors of 2207704712.
2, 1181, 233669
What are the prime factors of 556549190?
2, 5, 37, 1504187
What are the prime factors of 2536931898?
2, 3, 79, 373, 4783
List the prime factors of 5304848.
2, 331553
What are the prime factors of 69843867?
3, 19, 1225331
List the prime factors of 1595508973.
17, 41, 109, 21001
List the prime factors of 167285432.
2, 2333, 8963
What are the prime factors of 3897589056?
2, 3, 157, 239, 541
List the prime factors of 1006769197.
7, 3209, 44819
What are the prime factors of 888262112?
2, 29, 103, 9293
What are the prime factors of 1227486802?
2, 17, 541, 66733
What are the prime factors of 4219978246?
2, 11, 191817193
List the prime factors of 101256561.
3, 7, 107, 1669
List the prime factors of 554594153.
1153, 481001
What are the prime factors of 709072?
2, 7, 13, 487
What are the prime factors of 100746635?
5, 11, 41, 43, 1039
List the prime factors of 91797565.
5, 41, 447793
What are the prime factors of 759756354?
2, 3, 7, 18089437
What are the prime factors of 6473520?
2, 3, 5, 37
What are the prime factors of 1407875148?
2, 3, 19, 686099
List the prime factors of 3520739421.
3, 23, 17008403
What are the prime factors of 2241196339?
131, 4057, 4217
What are the prime factors of 72927047?
191, 381817
What are the prime factors of 3297431911?
17, 2789, 4091
What are the prime factors of 2006324357?
2006324357
What are the prime factors of 344555374?
2, 172277687
What are the prime factors of 3091007280?
2, 3, 5, 127, 101411
What are the prime factors of 261652178?
2, 113, 283, 4091
List the prime factors of 50706110.
2, 5, 7, 13, 55721
List the prime factors of 89786860.
2, 5, 17, 181, 1459
What are the prime factors of 8660208826?
2, 37, 117029849
What are the prime factors of 4830247148?
2, 1207561787
List the prime factors of 980361623.
269, 929, 3923
What are the prime factors of 162714885?
3, 5, 10847659
What are the prime factors of 105950156?
2, 13, 19, 73, 113
What are the prime factors of 1864768696?
2, 7, 401, 11863
List the prime factors of 227498988.
2, 3, 47, 